rime factors of q?
631
Suppose 0 = 49*f - 54*f - 8145. Let n = f - -2333. List the prime factors of n.
2, 11
Let n = 87 - 84. Let v(q) = 9*q**3 - 2*q**2 - q - 1. List the prime factors of v(n).
13, 17
Let z = -87699 - -143350. List the prime factors of z.
19, 29, 101
Suppose 95*d - 85*d = 70. Suppose -555 = -5*v + t, 575 = -v + 6*v + 3*t. Suppose -v = -d*o + 294. What are the prime factors of o?
2, 29
Suppose -u = -5*k - 4191, 0 = 4*u - 2*k - 6187 - 10649. List the prime factors of u.
4211
What are the prime factors of (1736 - 5)*3 + 15?
2, 3, 7, 31
Suppose 4*l - 1079 = -1075. Let c = 1 - -1. List the prime factors of (-37)/(-3 + c/l).
37
Let u = 220 - 190. What are the prime factors of 7568/20 + (-3)/u*4?
2, 3, 7
Let y = 67920 - 42400. List the prime factors of y.
2, 5, 11, 29
Let g(a) = 57*a**3 + a**2 + 193*a - 1104. What are the prime factors of g(6)?
2, 3, 13, 53
Let w = -21183 - -35244. What are the prime factors of w?
3, 43, 109
Suppose 6272 = 5*l - 6028. What are the prime factors of l?
2, 3, 5, 41
Suppose -1809 = -4*j - t, -4*j = -4*t - 1049 - 755. Let w = 717 - j. What are the prime factors of w/9*3 - 2/6?
2, 11
Suppose -d + 1874 = -364. Suppose 27*u = 1191 + d. What are the prime factors of u?
127
Suppose 4*f = -0*f + 44. Let k be 21 + (-3 - 65/5). Suppose -k*q = -m - f, 0*m - 4*m + 28 = 4*q. List the prime factors of m.
2
Suppose -3*x = 3*r - 113097, 19*x + 75392 = 2*r + 23*x. What are the prime factors of r?
2, 7, 2693
Let k = 7953 - 2235. List the prime factors of k.
2, 3, 953
Let d = 9051 - 5970. List the prime factors of d.
3, 13, 79
Let x be 174*(2/(-6))/(-1). Let l(q) = -3 - 1 + 2*q + 1 - x*q**3 + 5. What are the prime factors of l(-1)?
2, 29
Suppose -5*d = 15*d. Suppose 4*c + 227 - 15 = d. Let v = -46 - c. What are the prime factors of v?
7
Suppose 0 = 5*j + 3*p - 46617 - 56617, -p = -3*j + 61960. What are the prime factors of j?
107, 193
Let s(h) = -3*h**2 + 21*h + 9 + 4*h**2 + 17 - 3. What are the prime factors of s(23)?
3, 5, 23
Suppose 3*q - 2799 = s, q - 5*s - 3732 = -3*q. What are the prime factors of 7/(-231)*-6 - q/(-11)?
5, 17
Let q = 12922 + -6440. List the prime factors of q.
2, 7, 463
Suppose -2*t + 0*y = -5*y - 1609, 2*t - y - 1621 = 0. Let i be t - 1/((-3)/(-9)). Suppose 9*w = i + 1369. What are the prime factors of w?
2, 11
Suppose -1770512 = -178*b + 3738410. What are the prime factors of b?
30949
Let b(d) = 2*d**2 - 3*d - 10. Let y(n) = -n**3 + 7*n**2 - 2*n + 11. Let f be y(7). Let p be b(f). Suppose p*g + 172 = 19*g. What are the prime factors of g?
2, 43
Let c be (-2)/(1248/(-3045) + 2/5). Suppose -40 = -2*z - 10. Suppose -2*y = -z - c. List the prime factors of y.
109
Suppose -5*x = 2*z - 30, -2*x - 32 = -4*z - 5*x. Suppose 52 = z*a + 32. Suppose 3*q - 52 = -h - 4*h, 78 = a*q - 2*h. What are the prime factors of q?
19
Suppose -156*w + 1361922 = -17*w. What are the prime factors of w?
2, 3, 23, 71
Let v(t) be the third derivative of t**7/240 + t**6/24 - 47*t**5/60 + 2*t**2 - 22. Let u(w) be the third derivative of v(w). List the prime factors of u(8).
2, 3, 11
Let x(t) = 5671*t - 9247. List the prime factors of x(8).
41, 881
Let h = 63 - 54. Let t(v) = -v**2 + 10*v - 5. Let n be t(h). Suppose r - n*w - 10 = 0, -4*r - w = -5*r + 13. List the prime factors of r.
2, 7
Let c = 199 + -139. Let o = 299 - 352. Let k = c + o. List the prime factors of k.
7
Let l(c) be the third derivative of 5*c**4/12 + 35*c**3/6 + 7*c**2. What are the prime factors of l(19)?
3, 5
Suppose -x - 14 + 4 = -3*l, 5*l = -5*x + 30. Let u(z) = 5*z**3 + z**2 - 2*z - 6. List the prime factors of u(l).
2, 7, 23
Suppose -8*j + 3*j - 194 = -d, d = -4*j + 239. Let y(o) = 11*o**2 - 5*o + 3. Let w be y(3). Suppose d + w = 3*u. What are the prime factors of u?
2, 3, 17
Let c(y) = -27*y + 53. Let u = -83 - -72. List the prime factors of c(u).
2, 5, 7
Let s(f) = -2*f**2 - 49*f + 41. Let n be s(-25). Suppose n*p - 4160 = 3*p. List the prime factors of p.
2, 5
Suppose 2*z + v + 8 = 4*z, -z = -5*v - 4. Suppose -c + 663 = 2*h, 10*c - 3303 = 5*c - z*h. Suppose -217 = -6*u + c. List the prime factors of u.
2, 73
Let k(c) = 2*c**2 + 67*c - 1026. List the prime factors of k(18).
2, 3, 23
Let m = 6 - 2. Suppose -9 = -3*a - b, 0 = -4*a + b - m*b + 7. What are the prime factors of a/(-4 + -4)*-88?
2, 11
Let h(u) = -10*u - 24. Let f be h(-2). Let k be 2/(-5) - f*349/(-10). Let g = k + 361. What are the prime factors of g?
13, 17
Let u(b) = 930*b + 4107. What are the prime factors of u(64)?
3, 127, 167
Let z(g) = -5*g**3 + 14*g**2 + 96*g + 535. List the prime factors of z(-10).
5, 239
Suppose 5*g = -5*y - 40, g + 12 = -2*g. Let h be (1 - y)/5 - -10. What are the prime factors of 85/1 - h/11?
2, 3, 7
Let d(v) = 948*v**2 - 6*v - 1. Let y be d(-1). Suppose -j + y = -l, -2*j + 0*l + 1904 = -l. List the prime factors of j.
3, 317
Suppose -10*q - 3*x + 148 = -8*q, 4*q + 5*x - 292 = 0. Let o be (32 - (-2)/1) + 0. Suppose 5*d = h + q, 4*d - 4*h - o - 30 = 0. What are the prime factors of d?
13
Let j be (-2 - -44)/((-12)/(-16)). Let h(i) = 5*i + 15*i + 32 + i**2 + 12*i - j*i. List the prime factors of h(28).
2, 3
Let i(w) = -4*w**3 - 374*w**2 - 333*w + 181. What are the prime factors of i(-93)?
2, 3463
Let a(t) be the third derivative of t**4/12 + t**3/3 - 10*t**2. Let z be a(-1). What are the prime factors of (-1 + z)/4 - (-5263)/76?
3, 23
Let r be 7 + (-5)/((-15)/(-6)). Suppose -3*m - 4*v - 138 = -r*m, 5*m - 410 = -3*v. Suppose 3*c + 2*g = 235, -4*g + 5*g - m = -c. List the prime factors of c.
7, 11
Let s = 54880 - 8375. List the prime factors of s.
5, 71, 131
Let i = -833 + 557. What are the prime factors of 592 - (i/(-66) + (-4)/22)?
2, 3, 7
Suppose 63 + 327 = -15*p. Let d = p - -204. Suppose o - q + 5*q - d = 0, o = q + 163. List the prime factors of o.
2, 83
Let d = 82 - 124. Let h = d - -47. Suppose 2*y + h*y - 1106 = 0. What are the prime factors of y?
2, 79
Let u(v) = 2533*v - 1829. What are the prime factors of u(6)?
29, 461
Let i be (8/6)/((-26)/12909). Let d = -262 - i. Let b = -206 + d. List the prime factors of b.
2, 97
Suppose 4*l = 2*l + 52. Suppose 12 = 25*h - l*h. Let a(n) = -3*n - 10. What are the prime factors of a(h)?
2, 13
Suppose 15 = 2*d + d. Suppose 0 = -5*f - 2*y + 3*y + 730, y - 720 = -d*f. Let b = 246 - f. What are the prime factors of b?
101
Let b(i) = -i**3 + 19*i**2 + 3*i - 14. Let u be b(18). Let s = u - 240. List the prime factors of s.
2, 31
Let j = -158 - -164. Suppose 0 = -j*l + 5720 - 1994. What are the prime factors of l?
3, 23
Let w be (-49 - -1) + 18/(-6). Let i = 41 - w. What are the prime factors of 1/(2 - (-3 + 456/i))?
23
Let t(f) = 9*f + 25. Let n be ((-3)/(6/83))/(15/(-30)). Let j = n + -74. What are the prime factors of t(j)?
2, 53
Let r be (-190)/4*756/(-135). Let h = 25 - r. Let q = -144 - h. What are the prime factors of q?
97
Let l(w) = 6*w - w + 14 - 7*w + w. Suppose -2*m - 30 = 5*s, m + 0 = -2*s - 13. What are the prime factors of l(m)?
19
Let x = 21345 - 6270. Suppose -9*d + 24*d - x = 0. What are the prime factors of d?
3, 5, 67
Suppose 5*q - 36 = -3*s, -s + 13*q + 22 = 18*q. List the prime factors of (45/6)/(s/154).
3, 5, 11
Suppose 8858*n = 8836*n + 21736. What are the prime factors of n?
2, 13, 19
Suppose -967*x = -970*x + 74094. List the prime factors of x.
2, 53, 233
Let z = 92 - 399. Let o = z + 821. What are the prime factors of o?
2, 257
Let a(n) = 5659*n - 320. List the prime factors of a(2).
2, 3, 13, 47
Let g be -4*(-16 + 9) + 10/(-2). List the prime factors of 961 - ((-14)/(-12) + g/(-138)).
2, 3, 5
Let u(m) = 9*m**2 - 20*m + 37. Let o(y) = -y - 1. Let i(x) = -2*o(x) + u(x). What are the prime factors of i(7)?
2, 3, 59
List the prime factors of (-2*186/(-48) - 6)*2252.
7, 563
Let g = -119864 + 172628. List the prime factors of g.
2, 3, 4397
Suppose -i - 409 = -2501. Let a = i - 1087. List the prime factors of a.
3, 5, 67
Let s = 1704 - -3445. List the prime factors of s.
19, 271
Let d be (2/(-4))/(-6*10/360). Suppose -d*f + 3490 = 8*t - 3*t, 3498 = 3*f + 3*t. What are the prime factors of f?
2, 3, 5, 13
Let o = 30 + -12. Suppose -4*z + r = -148, z + r + r = 46. Suppose 2*b - o = b + t, -3*b + z = t. List the prime factors of b.
2, 7
Let m(p) = 2*p - 11. Let t be m(16). Suppose -k = -21 + t. Suppose k*